**5/60 + f**3/2 - f**2 + 2. Calculate m(3).
48
Let x(u) = u**2 + 12*u + 12. Suppose -16*h + 4 = -14*h. Suppose 262 = -h*j + 242. Give x(j).
-8
Let y = 4 - 9. Let m(x) = 10 + 0*x + x - 1 - 3. Give m(y).
1
Let i(l) = l**3 + 3*l**2 - 9*l - 4. Let r(z) = -z**3 - 3*z**2 + 8*z + 3. Let t(c) = -2*i(c) - 3*r(c). Let p = -55 - -51. Give t(p).
7
Let w(g) = -6*g**3 - 4*g**2 + 44*g - 3. Let y(l) = 3*l**3 + 2*l**2 - 19*l + 1. Let z(h) = -3*w(h) - 7*y(h). Calculate z(2).
-28
Let c(q) = -q**2 + 3. Let g = 27 - 13. Let l be (-4)/g*(1 + -8). Let t be ((-2)/4)/(l/16). Give c(t).
-13
Let o(h) be the first derivative of -h**6/180 + h**5/30 + h**4/24 + h**3 + 4. Let x(r) be the third derivative of o(r). Calculate x(3).
-5
Let a(o) be the first derivative of o**2/2 + 2*o - 1. Suppose -i = -5*t + 45, 2*i - 9 = -2*t + 9. Suppose 0 = -t*r - 0*r. Calculate a(r).
2
Let m(p) = p + 6 - 2 - 5*p. What is m(3)?
-8
Suppose l = -2*o - 3 - 16, -5*l - 3*o = 67. Let i(a) = a - 4. Determine i(l).
-15
Let u(q) = q**2 - 10*q - 2. Suppose 0 = 30*i - 283 - 17. Calculate u(i).
-2
Let m(n) = 7*n**2 + 12*n + 15. Let k(d) = 3*d**2 + 6*d + 7. Let p(w) = 4*w + 7. Let q be p(-3). Let l(z) = q*k(z) + 2*m(z). Let g = 163 + -167. Calculate l(g).
3
Let d = -19 + 28. Let z = d + -7. Let w(q) = -1 + 8 - 8 - 4*q**z + 3*q**2 + 5*q. What is w(2)?
5
Suppose 5*c = 4*q - 1 + 12, -2*q + 17 = 5*c. Let d(w) = -2*w + 5. What is d(c)?
-1
Let u(r) = r**2 - 2*r. Let l(f) = f**3 + 12. Let c be l(0). Let p = -9 + c. Give u(p).
3
Let f(a) = -8*a**3 + 9*a**2 - 2*a + 44. Let m(n) = 3*n**3 - 3*n**2 - 15. Let q(w) = -4*f(w) - 11*m(w). Give q(-5).
-1
Suppose -5*s = -5*q + 19 + 16, -2*s = -q + 12. Let y(u) = 4*u - 5. Let v(n) = -n + 1. Let k(z) = 5*v(z) + y(z). Calculate k(q).
-2
Let l(u) be the third derivative of u**5/60 + u**4/12 + 2*u**2. Let c = 625 - 627. Determine l(c).
0
Let l(x) be the first derivative of x**4/4 + 7*x**3/3 + 5*x**2/2 + 8*x + 491. What is l(-4)?
36
Let s(x) = 2*x + 4 + 4 - x. Let b(y) = -y**2 + 55*y - 577. Let f be b(41). Calculate s(f).
5
Suppose -3*w = 5*r - 20, -w - 4*r = -3*r - 6. Let q(c) be the second derivative of c**4/12 - 2*c**3/3 - 5*c**2/2 + 12*c. Give q(w).
0
Let p(n) = -2*n**2 + 9*n. Let q(o) = o**2 - 3*o. Let t(y) = -2*p(y) - 3*q(y). Give t(6).
-18
Suppose 3*q - 5*k + 21 = -q, -5*k - 15 = 5*q. Let y(s) be the third derivative of s**6/120 + s**5/20 - s**4/6 + 5*s**3/6 + 15*s**2. What is y(q)?
5
Suppose -3*j = -7*j + 8. Let h(t) = -7*t**2 + t**3 + 4*t**j + 0*t - t - 4. Let p = -1 + 5. Calculate h(p).
8
Suppose -18*h - 25 = -13*h. Let n(z) be the second derivative of 2*z**3/3 + 3*z**2 - z. Let b(w) = -8*w - 11. Let m(t) = h*n(t) - 3*b(t). Calculate m(-2).
-5
Let j(z) = 6*z - 2. Let t(l) = l**2 - l - 1. Let m(s) = 8*s**2 - s - 3. Let g(p) = m(p) - 3*t(p). Let x be g(-1). What is j(x)?
16
Suppose 4*p - 15*p = 0. Let x(l) be the first derivative of 1/2*l**2 + 2*l + 2. What is x(p)?
2
Let r = -1846 + 1849. Let x(u) = 5*u - u**2 - 5 - 2 + 5. Give x(r).
4
Let n(g) = -16*g**2 + 5*g + 2. Let u(q) = 3*q**2 + 1. Let t(s) = n(s) + 5*u(s). What is t(7)?
-7
Let s(y) = -3*y**3 - 6*y**2 - 7*y - 7. Let m(p) = -p**3 - p**2 - p - 2. Let h(g) = -2*m(g) + s(g). Give h(-3).
3
Let h = -15 - -12. Let i = 2 - h. Let w(p) be the first derivative of -p**2/2 + 2*p + 1. Give w(i).
-3
Let b(w) be the third derivative of -w**6/120 - w**5/15 + w**4/6 - w**3/6 - 575*w**2. Let i be 1/(-2 + 18/10). What is b(i)?
4
Let t(r) be the third derivative of r**5/60 + r**4/2 + 5*r**3/2 + 629*r**2. Determine t(-12).
15
Let a be 250/70 - 4 - (-39)/(-7). Let x(r) = -r**2 - 4*r. What is x(a)?
-12
Let p(r) be the first derivative of 3*r**2 + 1/3*r**3 + 1 + 6*r. Let c(l) = l**3 + 4*l**2 - 5*l - 6. Let d be c(-5). What is p(d)?
6
Let u = 123 + -115. Suppose 0 = -u*v + 2*v + 36. Let l(o) = -o - 7. Determine l(v).
-13
Let w be (9 + -9 + 1*-2)/1. Let p(k) = k + 1. Let h(f) = 5*f + 4. Let u(q) = -2*h(q) + 9*p(q). Let j(l) = -1. Let t(d) = w*u(d) - 3*j(d). Give t(4).
9
Let w(j) = -8*j - 74. Let g be w(-9). Let a(c) = 3*c**2 + 2*c + 1. Give a(g).
9
Let v(s) = s**2 - 6*s + 5. Let a be (6 + (-2 - -1))*-1. Suppose 13*c - 196 + 79 = 0. Let w be (c/a)/((-15)/50). Calculate v(w).
5
Let d(n) be the third derivative of -n**4/24 + 7*n**3/2 - 101*n**2. What is d(9)?
12
Let g(h) = -18*h + 1. Let m(c) = -21*c + 3. Let j(b) = -4*g(b) + 3*m(b). Calculate j(-6).
-49
Suppose 2*t = 2 + 6. Let w be 2/(-4)*t/(-2). Let n(h) = -14*h + 1. Give n(w).
-13
Let c(z) = 28*z**2 - 45*z + 49. Let y(r) = 13*r**2 - 22*r + 24. Let j(w) = 6*c(w) - 13*y(w). Calculate j(14).
10
Suppose -2*f + 10 = 5*a + 1, -a - f + 3 = 0. Let u(o) = -3*o + 1. Let x(n) = -n - 1. Let h = 20 - 18. Let g(s) = h*x(s) + u(s). Give g(a).
-6
Let i(j) = 14*j + 4. Let b(x) = 101*x + 5 - 47*x - 39*x. Let k(m) = 3*b(m) - 4*i(m). Let d be 1/2 + (-2)/(-4). Calculate k(d).
-12
Suppose 2*c - 56 = 5*r, 173 - 33 = 5*c - 4*r. Let v(k) = c*k + k**2 - 37*k + 3 - 5. Determine v(10).
8
Suppose -14*p + 8 + 60 = 20*p. Let a(l) = -11*l + 0 + 4*l + 1. What is a(p)?
-13
Let u(i) = 11*i**3 + 42*i**2 - 24*i + 55. Let a(z) = -5*z**3 - 20*z**2 + 12*z - 27. Let y(s) = -9*a(s) - 4*u(s). Give y(-13).
10
Let d(i) = 5*i + 2. Let b be d(5). Let l(k) = -26*k - 3 + 5 - 5*k**2 - 5 + b*k + 3*k**3. Let u(t) = -t**3 - t**2 + 1. Let y(f) = l(f) + 2*u(f). Give y(7).
6
Let s(g) = 3*g - 2. Let i(y) = -y + 1. Let d(l) = -2*i(l) - 3*s(l). Determine d(5).
-31
Let n be (-3)/(-1) - 30/3. Let v(c) be the second derivative of c**5/20 + 2*c**4/3 + 4*c**3/3 + 7*c**2/2 - 6*c. What is v(n)?
0
Let g(j) = -2*j - 1. Let w(s) = -s**3 + 4*s**2 + 5*s - 4. Let q be (-30)/(-4) + 3/(-6). Suppose -3*t = -q*t + 20. Let r be w(t). Calculate g(r).
7
Let t(v) = v**2 - 5*v + 6. Suppose -3*x = 15, 13 = -2*j + 5*j + x. Determine t(j).
12
Let a(b) = -5*b**3 + b - 1. Let q be a(-1). Let o(c) be the second derivative of 8*c + 3*c**2 - 1/3*c**4 - 1/20*c**5 + 0 + 1/2*c**q. What is o(-4)?
-6
Suppose -77 - 63 = 4*n. Let m = n - -41. Let g(q) = -q**3 + 6*q**2 + q - 4. Determine g(m).
2
Suppose -2*q - 5*h = 1 + 14, 5*q - 4*h = 12. Let b = 1 - -4. Let c(j) = -b*j - j + q*j + 2. What is c(2)?
-10
Let s(y) be the first derivative of -1/3*y**3 - 3*y**2 - 12 - 6*y. Give s(-4).
2
Let r(j) = -2*j - 5. Let k be r(-4). Let c = -21 + 23. Let v(u) = -57*u**2 + 2*u - u**3 + 32*u**c + 26*u**2 + 4. Calculate v(k).
-8
Let c(j) = 2 + 11 + 1 + j**2 + 307*j - 325*j + 5. What is c(15)?
-26
Let g(u) = -1 + u**3 - 18232*u + 18225*u - 6*u**2 + 4. Calculate g(7).
3
Let b(o) = o**2 + 2*o + 4. Let j be b(0). Let l(p) = -p + 14. Let w(n) = -n + 13. Let h(y) = j*l(y) - 5*w(y). What is h(0)?
-9
Let v(s) be the third derivative of s**5/60 - s**4/3 + s**3/2 - 171*s**2. Give v(8).
3
Let s(i) = -2. Let p(h) = -10*h - 2. Let k(d) = 2*p(d) - 4*s(d). Determine k(1).
-16
Let n(s) = s**2 + s. Let j(m) = 2*m**2 + 2*m. Let d(q) = -2*j(q) + 3*n(q). Let u = -80 + 82. Give d(u).
-6
Let q(p) = -33*p**2 + 5 + 43*p**2 - 2*p - 8*p**2. Determine q(4).
29
Let k = 14 + -12. Let f(t) = 108*t**k - 48*t**2 + 10*t + 4 - 50*t**2 + t**3. Let x = 10 + -19. Give f(x).
-5
Let j(v) = v**2 + 3*v - 4. Let s = 568 - 573. Determine j(s).
6
Let t = -125 + 228. Let r = t - 106. Let i(v) = -v**2 - v - 1. Calculate i(r).
-7
Let c(m) = -5*m + 5. Let v(t) = 2. Let y(z) = -z - 2. Let j(i) = -3*v(i) - 2*y(i). Let a(l) = -3*c(l) - 8*j(l). Determine a(4).
-3
Let w(r) = -2043*r + 1021*r - 21 + 1024*r. Determine w(-7).
-35
Let h(k) = 7*k**2 + 15*k + 12. Let x(o) = 18*o**2 + 44*o + 34. Let f(r) = -8*h(r) + 3*x(r). Give f(6).
6
Let u be (-2)/3 + 34/6. Let q(g) = -1 + 160*g - u - g**2 - 168*g. Calculate q(-8).
-6
Let b(n) = -n**2 - n + 52. Let w = 179 - 187. Calculate b(w).
-4
Let d = 2 + -3. Let b(f) be the third derivative of -13*f**6/120 - f**5/60 - f**4/12 - f**3/6 - 8*f**2 - 34. Calculate b(d).
13
Let d(z) = z + 19. Suppose 0 = 59*y - 75*y - 112. Give d(y).
12
Let u(f) = f**3 - f**2 + 1. Let a = 45 + -47. Let y be 18/(-36) + a/4. What is u(y)?
-1
Let l = 0 - 0. Let u(x) = -x**2 - 2*x + 22*x - 21*x + 6 - 7. Determine u(l).
-1
Let r(d) = d - 2. Let i(h) = 4*h**2 - 3*h**3 + 0*h**3 - 2 + 3*h**3 + 2*h + h**3. Let x be 52/(-16) + (-1)/(-4). Let q be i(x). What is r(q)?
-1
Let s = -1850 + 1844. Let i(k) = -2*k**3 - 13*k**2 - 6*k - 7. Give i(s).
-7